{"id":3380,"date":"2018-06-26T13:17:26","date_gmt":"2018-06-26T11:17:26","guid":{"rendered":"http:\/\/agrarprodukte-wildenhain.de\/ezg-agrar-wildenhain\/?page_id=3380"},"modified":"2019-03-11T10:34:33","modified_gmt":"2019-03-11T09:34:33","slug":"datenschutz","status":"publish","type":"page","link":"https:\/\/agrarprodukte-wildenhain.de\/ezg-agrar-wildenhain\/kontakt\/datenschutz\/","title":{"rendered":"DATENSCHUTZ"},"content":{"rendered":"<div id='av_section_1'  class='avia-section av-87lkpk-759479500a45046e1f626d7588c9ed70 main_color avia-section-large avia-no-border-styling  avia-builder-el-0  avia-builder-el-no-sibling  avia-bg-style-scroll container_wrap sidebar_right'  ><div class='container av-section-cont-open' ><main  role=\"main\" itemprop=\"mainContentOfPage\"  class='template-page content  av-content-small alpha units'><div class='post-entry post-entry-type-page post-entry-3380'><div class='entry-content-wrapper clearfix'>\n\n<style type=\"text\/css\" data-created_by=\"avia_inline_auto\" id=\"style-css-av-63mnx4-480b5f5adb503f196c9b0a91876cf346\">\n.flex_column.av-63mnx4-480b5f5adb503f196c9b0a91876cf346{\nborder-radius:0px 0px 0px 0px;\npadding:0px 0px 0px 0px;\n}\n<\/style>\n<div  class='flex_column av-63mnx4-480b5f5adb503f196c9b0a91876cf346 av_one_full  avia-builder-el-1  avia-builder-el-no-sibling  first flex_column_div av-zero-column-padding  '     ><p>\n<style type=\"text\/css\" data-created_by=\"avia_inline_auto\" id=\"style-css-av-av_heading-9aa7f6c9a393c004886445cd58934f24\">\n#top .av-special-heading.av-av_heading-9aa7f6c9a393c004886445cd58934f24{\npadding-bottom:10px;\n}\nbody .av-special-heading.av-av_heading-9aa7f6c9a393c004886445cd58934f24 .av-special-heading-tag .heading-char{\nfont-size:25px;\n}\n.av-special-heading.av-av_heading-9aa7f6c9a393c004886445cd58934f24 .av-subheading{\nfont-size:15px;\n}\n<\/style>\n<div  class='av-special-heading av-av_heading-9aa7f6c9a393c004886445cd58934f24 av-special-heading-h1 blockquote modern-quote  avia-builder-el-2  el_before_av_textblock  avia-builder-el-first '><h1 class='av-special-heading-tag '  itemprop=\"headline\"  >Datenschutzerkl\u00e4rung<\/h1><div class=\"special-heading-border\"><div class=\"special-heading-inner-border\"><\/div><\/div><\/div><br \/>\n<section  class='av_textblock_section av-jivimjhz-89fcded1745fb82b229945839a17c99c '   itemscope=\"itemscope\" itemtype=\"https:\/\/schema.org\/CreativeWork\" ><div class='avia_textblock'  itemprop=\"text\" ><h3>Allgemeiner Hinweis und Pflichtinformationen<\/h3>\n<p><strong>Benennung der verantwortlichen Stelle<\/strong><br \/>\nDie verantwortliche Stelle f\u00fcr die Datenverarbeitung auf dieser Website ist:<\/p>\n<p>Erzeugergemeinschaft Agrarprodukte e. G.<br \/>\nLeitpflock 5<br \/>\n04862 Mockrehna<\/p>\n<p>Die verantwortliche Stelle entscheidet allein oder gemeinsam mit anderen \u00fcber die Zwecke und Mittel der Verarbeitung von personenbezogenen Daten (z.B. Namen, Kontaktdaten o. \u00c4.).<\/p>\n<p><strong>Widerruf Ihrer Einwilligung zur Datenverarbeitung<\/strong><br \/>\nNur mit Ihrer ausdr\u00fccklichen Einwilligung sind einige Vorg\u00e4nge der Datenverarbeitung m\u00f6glich. Ein Widerruf Ihrer bereits erteilten Einwilligung ist jederzeit m\u00f6glich. F\u00fcr den Widerruf gen\u00fcgt eine formlose Mitteilung per E-Mail. Die Rechtm\u00e4\u00dfigkeit der bis zum Widerruf erfolgten Datenverarbeitung bleibt vom Widerruf unber\u00fchrt.<\/p>\n<p><strong>Recht auf Beschwerde bei der zust\u00e4ndigen Aufsichtsbeh\u00f6rde<\/strong><br \/>\nAls Betroffener steht Ihnen im Falle eines datenschutzrechtlichen Versto\u00dfes ein Beschwerderecht bei der zust\u00e4ndigen Aufsichtsbeh\u00f6rde zu. Zust\u00e4ndige Aufsichtsbeh\u00f6rde bez\u00fcglich datenschutzrechtlicher Fragen ist der Landesdatenschutzbeauftragte des Bundeslandes, in dem sich der Sitz unseres Unternehmens befindet. Der folgende Link stellt eine Liste der Datenschutzbeauftragten sowie deren Kontaktdaten bereit: <a href=\"https:\/\/www.bfdi.bund.de\/DE\/Infothek\/Anschriften_Links\/anschriften_links-node.html\" target=\"_blank\" rel=\"noopener noreferrer\">https:\/\/www.bfdi.bund.de\/DE\/Infothek\/Anschriften_Links\/anschriften_links-node.html<\/a>.<\/p>\n<p><strong>Recht auf Daten\u00fcbertragbarkeit<\/strong><br \/>\nIhnen steht das Recht zu, Daten, die wir auf Grundlage Ihrer Einwilligung oder in Erf\u00fcllung eines Vertrags automatisiert verarbeiten, an sich oder an Dritte aush\u00e4ndigen zu lassen. Die Bereitstellung erfolgt in einem maschinenlesbaren Format. Sofern Sie die direkte \u00dcbertragung der Daten an einen anderen Verantwortlichen verlangen, erfolgt dies nur, soweit es technisch machbar ist.<\/p>\n<p><strong>Recht auf Auskunft, Berichtigung, Sperrung, L\u00f6schung<\/strong><br \/>\nSie haben jederzeit im Rahmen der geltenden gesetzlichen Bestimmungen das Recht auf unentgeltliche Auskunft \u00fcber Ihre gespeicherten personenbezogenen Daten, Herkunft der Daten, deren Empf\u00e4nger und den Zweck der Datenverarbeitung und ggf. ein Recht auf Berichtigung, Sperrung oder L\u00f6schung dieser Daten. Diesbez\u00fcglich und auch zu weiteren Fragen zum Thema personenbezogene Daten k\u00f6nnen Sie sich jederzeit \u00fcber die im Impressum aufgef\u00fchrten Kontaktm\u00f6glichkeiten an uns wenden.<\/p>\n<p><strong>SSL- bzw. TLS-Verschl\u00fcsselung<\/strong><br \/>\nAus Sicherheitsgr\u00fcnden und zum Schutz der \u00dcbertragung vertraulicher Inhalte, die Sie an uns als Seitenbetreiber senden, nutzt unsere Website eine SSL-bzw. TLS-Verschl\u00fcsselung. Damit sind Daten, die Sie \u00fcber diese Website \u00fcbermitteln, f\u00fcr Dritte nicht mitlesbar. Sie erkennen eine verschl\u00fcsselte Verbindung an der \u201ehttps:\/\/\u201c Adresszeile Ihres Browsers und am Schloss-Symbol in der Browserzeile.<\/p>\n<p><strong>Kontaktformular<\/strong><br \/>\nPer Kontaktformular \u00fcbermittelte Daten werden einschlie\u00dflich Ihrer Kontaktdaten gespeichert, um Ihre Anfrage bearbeiten zu k\u00f6nnen oder um f\u00fcr Anschlussfragen bereitzustehen. Eine Weitergabe dieser Daten findet ohne Ihre Einwilligung nicht statt.<br \/>\nDie Verarbeitung der in das Kontaktformular eingegebenen Daten erfolgt ausschlie\u00dflich auf Grundlage Ihrer Einwilligung (Art. 6 Abs. 1 lit. a DSGVO). Ein Widerruf Ihrer bereits erteilten Einwilligung ist jederzeit m\u00f6glich. F\u00fcr den Widerruf gen\u00fcgt eine formlose Mitteilung per E-Mail. Die Rechtm\u00e4\u00dfigkeit der bis zum Widerruf erfolgten Datenverarbeitungsvorg\u00e4nge bleibt vom Widerruf unber\u00fchrt.<br \/>\n\u00dcber das Kontaktformular \u00fcbermittelte Daten verbleiben bei uns, bis Sie uns zur L\u00f6schung auffordern, Ihre Einwilligung zur Speicherung widerrufen oder keine Notwendigkeit der Datenspeicherung mehr besteht. Zwingende gesetzliche Bestimmungen &#8211; insbesondere Aufbewahrungsfristen &#8211; bleiben unber\u00fchrt.<\/p>\n<p><strong>Cookies<\/strong><br \/>\nUnsere Website verwendet Cookies. Das sind kleine Textdateien, die Ihr Webbrowser auf Ihrem Endger\u00e4t speichert. Cookies helfen uns dabei, unser Angebot nutzerfreundlicher, effektiver und sicherer zu machen.<br \/>\nEinige Cookies sind \u201cSession-Cookies.\u201d Solche Cookies werden nach Ende Ihrer Browser-Sitzung von selbst gel\u00f6scht. Hingegen bleiben andere Cookies auf Ihrem Endger\u00e4t bestehen, bis Sie diese selbst l\u00f6schen. Solche Cookies helfen uns, Sie bei R\u00fcckkehr auf unserer Website wiederzuerkennen.<br \/>\nMit einem modernen Webbrowser k\u00f6nnen Sie das Setzen von Cookies \u00fcberwachen, einschr\u00e4nken oder unterbinden. Viele Webbrowser lassen sich so konfigurieren, dass Cookies mit dem Schlie\u00dfen des Programms von selbst gel\u00f6scht werden. Die Deaktivierung von Cookies kann eine eingeschr\u00e4nkte Funktionalit\u00e4t unserer Website zur Folge haben.<br \/>\nDas Setzen von Cookies, die zur Aus\u00fcbung elektronischer Kommunikationsvorg\u00e4nge oder der Bereitstellung bestimmter, von Ihnen erw\u00fcnschter Funktionen (z.B. Warenkorb) notwendig sind, erfolgt auf Grundlage von Art. 6 Abs. 1 lit. f DSGVO. Als Betreiber dieser Website haben wir ein berechtigtes Interesse an der Speicherung von Cookies zur technisch fehlerfreien und reibungslosen Bereitstellung unserer Dienste. Sofern die Setzung anderer Cookies (z.B. f\u00fcr Analyse-Funktionen) erfolgt, werden diese in dieser Datenschutzerkl\u00e4rung separat behandelt.<\/p>\n<p>Quelle: Datenschutz-Konfigurator von <a href=\"https:\/\/www.mein-datenschutzbeauftragter.de\/\" target=\"_blank\" rel=\"noopener noreferrer\">mein-datenschutzbeauftragter.de<\/a><\/p>\n<\/div><\/section><\/p><\/div><\/div><\/div><\/main><!-- close content main element --><\/div><\/div><div id='after_section_1'  class='main_color av_default_container_wrap container_wrap sidebar_right'  ><div class='container av-section-cont-open' ><div class='template-page content  av-content-small alpha units'><div class='post-entry post-entry-type-page post-entry-3380'><div class='entry-content-wrapper clearfix'>\n","protected":false},"excerpt":{"rendered":"","protected":false},"author":1,"featured_media":0,"parent":3346,"menu_order":0,"comment_status":"closed","ping_status":"closed","template":"","meta":{"footnotes":""},"class_list":["post-3380","page","type-page","status-publish","hentry"],"yoast_head":"<!-- This site is optimized with the Yoast SEO plugin v26.6 - https:\/\/yoast.com\/wordpress\/plugins\/seo\/ -->\n<title>DATENSCHUTZ - Erzeugergemeinschaft Agrarprodukte e.G. Wildenhain<\/title>\n<meta name=\"robots\" content=\"index, follow, max-snippet:-1, max-image-preview:large, max-video-preview:-1\" \/>\n<link rel=\"canonical\" href=\"https:\/\/agrarprodukte-wildenhain.de\/ezg-agrar-wildenhain\/kontakt\/datenschutz\/\" \/>\n<meta property=\"og:locale\" content=\"de_DE\" \/>\n<meta property=\"og:type\" content=\"article\" \/>\n<meta property=\"og:title\" content=\"DATENSCHUTZ - Erzeugergemeinschaft Agrarprodukte e.G. Wildenhain\" \/>\n<meta property=\"og:url\" content=\"https:\/\/agrarprodukte-wildenhain.de\/ezg-agrar-wildenhain\/kontakt\/datenschutz\/\" \/>\n<meta property=\"og:site_name\" content=\"Erzeugergemeinschaft Agrarprodukte e.G. Wildenhain\" \/>\n<meta property=\"article:modified_time\" content=\"2019-03-11T09:34:33+00:00\" \/>\n<meta name=\"twitter:card\" content=\"summary_large_image\" \/>\n<meta name=\"twitter:label1\" content=\"Gesch\u00e4tzte Lesezeit\" \/>\n\t<meta name=\"twitter:data1\" content=\"5\u00a0Minuten\" \/>\n<script type=\"application\/ld+json\" class=\"yoast-schema-graph\">{\"@context\":\"https:\/\/schema.org\",\"@graph\":[{\"@type\":\"WebPage\",\"@id\":\"https:\/\/agrarprodukte-wildenhain.de\/ezg-agrar-wildenhain\/kontakt\/datenschutz\/\",\"url\":\"https:\/\/agrarprodukte-wildenhain.de\/ezg-agrar-wildenhain\/kontakt\/datenschutz\/\",\"name\":\"DATENSCHUTZ - Erzeugergemeinschaft Agrarprodukte e.G. Wildenhain\",\"isPartOf\":{\"@id\":\"https:\/\/agrarprodukte-wildenhain.de\/ezg-agrar-wildenhain\/#website\"},\"datePublished\":\"2018-06-26T11:17:26+00:00\",\"dateModified\":\"2019-03-11T09:34:33+00:00\",\"breadcrumb\":{\"@id\":\"https:\/\/agrarprodukte-wildenhain.de\/ezg-agrar-wildenhain\/kontakt\/datenschutz\/#breadcrumb\"},\"inLanguage\":\"de\",\"potentialAction\":[{\"@type\":\"ReadAction\",\"target\":[\"https:\/\/agrarprodukte-wildenhain.de\/ezg-agrar-wildenhain\/kontakt\/datenschutz\/\"]}]},{\"@type\":\"BreadcrumbList\",\"@id\":\"https:\/\/agrarprodukte-wildenhain.de\/ezg-agrar-wildenhain\/kontakt\/datenschutz\/#breadcrumb\",\"itemListElement\":[{\"@type\":\"ListItem\",\"position\":1,\"name\":\"Startseite\",\"item\":\"https:\/\/agrarprodukte-wildenhain.de\/ezg-agrar-wildenhain\/\"},{\"@type\":\"ListItem\",\"position\":2,\"name\":\"KONTAKT\",\"item\":\"https:\/\/agrarprodukte-wildenhain.de\/ezg-agrar-wildenhain\/kontakt\/\"},{\"@type\":\"ListItem\",\"position\":3,\"name\":\"DATENSCHUTZ\"}]},{\"@type\":\"WebSite\",\"@id\":\"https:\/\/agrarprodukte-wildenhain.de\/ezg-agrar-wildenhain\/#website\",\"url\":\"https:\/\/agrarprodukte-wildenhain.de\/ezg-agrar-wildenhain\/\",\"name\":\"Erzeugergemeinschaft Agrarprodukte e.G. Wildenhain\",\"description\":\"Bioprodukte aus Wildenhain \/ D\u00fcbener Heide bei Mockrehna\",\"publisher\":{\"@id\":\"https:\/\/agrarprodukte-wildenhain.de\/ezg-agrar-wildenhain\/#organization\"},\"potentialAction\":[{\"@type\":\"SearchAction\",\"target\":{\"@type\":\"EntryPoint\",\"urlTemplate\":\"https:\/\/agrarprodukte-wildenhain.de\/ezg-agrar-wildenhain\/?s={search_term_string}\"},\"query-input\":{\"@type\":\"PropertyValueSpecification\",\"valueRequired\":true,\"valueName\":\"search_term_string\"}}],\"inLanguage\":\"de\"},{\"@type\":\"Organization\",\"@id\":\"https:\/\/agrarprodukte-wildenhain.de\/ezg-agrar-wildenhain\/#organization\",\"name\":\"Erzeugergemeinschaft Agrar e.G. Wildenhain\",\"url\":\"https:\/\/agrarprodukte-wildenhain.de\/ezg-agrar-wildenhain\/\",\"logo\":{\"@type\":\"ImageObject\",\"inLanguage\":\"de\",\"@id\":\"https:\/\/agrarprodukte-wildenhain.de\/ezg-agrar-wildenhain\/#\/schema\/logo\/image\/\",\"url\":\"https:\/\/agrarprodukte-wildenhain.de\/ezg-agrar-wildenhain\/wp-content\/uploads\/2019\/02\/Agrarprodukte-Logo.gif\",\"contentUrl\":\"https:\/\/agrarprodukte-wildenhain.de\/ezg-agrar-wildenhain\/wp-content\/uploads\/2019\/02\/Agrarprodukte-Logo.gif\",\"width\":500,\"height\":150,\"caption\":\"Erzeugergemeinschaft Agrar e.G. Wildenhain\"},\"image\":{\"@id\":\"https:\/\/agrarprodukte-wildenhain.de\/ezg-agrar-wildenhain\/#\/schema\/logo\/image\/\"}}]}<\/script>\n<!-- \/ Yoast SEO plugin. -->","yoast_head_json":{"title":"DATENSCHUTZ - Erzeugergemeinschaft Agrarprodukte e.G. Wildenhain","robots":{"index":"index","follow":"follow","max-snippet":"max-snippet:-1","max-image-preview":"max-image-preview:large","max-video-preview":"max-video-preview:-1"},"canonical":"https:\/\/agrarprodukte-wildenhain.de\/ezg-agrar-wildenhain\/kontakt\/datenschutz\/","og_locale":"de_DE","og_type":"article","og_title":"DATENSCHUTZ - Erzeugergemeinschaft Agrarprodukte e.G. Wildenhain","og_url":"https:\/\/agrarprodukte-wildenhain.de\/ezg-agrar-wildenhain\/kontakt\/datenschutz\/","og_site_name":"Erzeugergemeinschaft Agrarprodukte e.G. Wildenhain","article_modified_time":"2019-03-11T09:34:33+00:00","twitter_card":"summary_large_image","twitter_misc":{"Gesch\u00e4tzte Lesezeit":"5\u00a0Minuten"},"schema":{"@context":"https:\/\/schema.org","@graph":[{"@type":"WebPage","@id":"https:\/\/agrarprodukte-wildenhain.de\/ezg-agrar-wildenhain\/kontakt\/datenschutz\/","url":"https:\/\/agrarprodukte-wildenhain.de\/ezg-agrar-wildenhain\/kontakt\/datenschutz\/","name":"DATENSCHUTZ - Erzeugergemeinschaft Agrarprodukte e.G. Wildenhain","isPartOf":{"@id":"https:\/\/agrarprodukte-wildenhain.de\/ezg-agrar-wildenhain\/#website"},"datePublished":"2018-06-26T11:17:26+00:00","dateModified":"2019-03-11T09:34:33+00:00","breadcrumb":{"@id":"https:\/\/agrarprodukte-wildenhain.de\/ezg-agrar-wildenhain\/kontakt\/datenschutz\/#breadcrumb"},"inLanguage":"de","potentialAction":[{"@type":"ReadAction","target":["https:\/\/agrarprodukte-wildenhain.de\/ezg-agrar-wildenhain\/kontakt\/datenschutz\/"]}]},{"@type":"BreadcrumbList","@id":"https:\/\/agrarprodukte-wildenhain.de\/ezg-agrar-wildenhain\/kontakt\/datenschutz\/#breadcrumb","itemListElement":[{"@type":"ListItem","position":1,"name":"Startseite","item":"https:\/\/agrarprodukte-wildenhain.de\/ezg-agrar-wildenhain\/"},{"@type":"ListItem","position":2,"name":"KONTAKT","item":"https:\/\/agrarprodukte-wildenhain.de\/ezg-agrar-wildenhain\/kontakt\/"},{"@type":"ListItem","position":3,"name":"DATENSCHUTZ"}]},{"@type":"WebSite","@id":"https:\/\/agrarprodukte-wildenhain.de\/ezg-agrar-wildenhain\/#website","url":"https:\/\/agrarprodukte-wildenhain.de\/ezg-agrar-wildenhain\/","name":"Erzeugergemeinschaft Agrarprodukte e.G. Wildenhain","description":"Bioprodukte aus Wildenhain \/ D\u00fcbener Heide bei Mockrehna","publisher":{"@id":"https:\/\/agrarprodukte-wildenhain.de\/ezg-agrar-wildenhain\/#organization"},"potentialAction":[{"@type":"SearchAction","target":{"@type":"EntryPoint","urlTemplate":"https:\/\/agrarprodukte-wildenhain.de\/ezg-agrar-wildenhain\/?s={search_term_string}"},"query-input":{"@type":"PropertyValueSpecification","valueRequired":true,"valueName":"search_term_string"}}],"inLanguage":"de"},{"@type":"Organization","@id":"https:\/\/agrarprodukte-wildenhain.de\/ezg-agrar-wildenhain\/#organization","name":"Erzeugergemeinschaft Agrar e.G. Wildenhain","url":"https:\/\/agrarprodukte-wildenhain.de\/ezg-agrar-wildenhain\/","logo":{"@type":"ImageObject","inLanguage":"de","@id":"https:\/\/agrarprodukte-wildenhain.de\/ezg-agrar-wildenhain\/#\/schema\/logo\/image\/","url":"https:\/\/agrarprodukte-wildenhain.de\/ezg-agrar-wildenhain\/wp-content\/uploads\/2019\/02\/Agrarprodukte-Logo.gif","contentUrl":"https:\/\/agrarprodukte-wildenhain.de\/ezg-agrar-wildenhain\/wp-content\/uploads\/2019\/02\/Agrarprodukte-Logo.gif","width":500,"height":150,"caption":"Erzeugergemeinschaft Agrar e.G. Wildenhain"},"image":{"@id":"https:\/\/agrarprodukte-wildenhain.de\/ezg-agrar-wildenhain\/#\/schema\/logo\/image\/"}}]}},"_links":{"self":[{"href":"https:\/\/agrarprodukte-wildenhain.de\/ezg-agrar-wildenhain\/wp-json\/wp\/v2\/pages\/3380","targetHints":{"allow":["GET"]}}],"collection":[{"href":"https:\/\/agrarprodukte-wildenhain.de\/ezg-agrar-wildenhain\/wp-json\/wp\/v2\/pages"}],"about":[{"href":"https:\/\/agrarprodukte-wildenhain.de\/ezg-agrar-wildenhain\/wp-json\/wp\/v2\/types\/page"}],"author":[{"embeddable":true,"href":"https:\/\/agrarprodukte-wildenhain.de\/ezg-agrar-wildenhain\/wp-json\/wp\/v2\/users\/1"}],"replies":[{"embeddable":true,"href":"https:\/\/agrarprodukte-wildenhain.de\/ezg-agrar-wildenhain\/wp-json\/wp\/v2\/comments?post=3380"}],"version-history":[{"count":9,"href":"https:\/\/agrarprodukte-wildenhain.de\/ezg-agrar-wildenhain\/wp-json\/wp\/v2\/pages\/3380\/revisions"}],"predecessor-version":[{"id":4589,"href":"https:\/\/agrarprodukte-wildenhain.de\/ezg-agrar-wildenhain\/wp-json\/wp\/v2\/pages\/3380\/revisions\/4589"}],"up":[{"embeddable":true,"href":"https:\/\/agrarprodukte-wildenhain.de\/ezg-agrar-wildenhain\/wp-json\/wp\/v2\/pages\/3346"}],"wp:attachment":[{"href":"https:\/\/agrarprodukte-wildenhain.de\/ezg-agrar-wildenhain\/wp-json\/wp\/v2\/media?parent=3380"}],"curies":[{"name":"wp","href":"https:\/\/api.w.org\/{rel}","templated":true}]}}